{"id":4386,"date":"2022-06-05T14:46:48","date_gmt":"2022-06-05T14:46:48","guid":{"rendered":"https:\/\/www.ondrejsimacek.fun\/?page_id=4386"},"modified":"2022-06-05T14:46:49","modified_gmt":"2022-06-05T14:46:49","slug":"test","status":"publish","type":"page","link":"https:\/\/www.ondrejsimacek.cz\/index.php\/test\/","title":{"rendered":"Test"},"content":{"rendered":"","protected":false},"excerpt":{"rendered":"","protected":false},"author":1,"featured_media":0,"parent":0,"menu_order":0,"comment_status":"closed","ping_status":"closed","template":"","meta":{"footnotes":""},"class_list":["post-4386","page","type-page","status-publish","hentry"],"yoast_head":"<!-- This site is optimized with the Yoast SEO plugin v27.4 - https:\/\/yoast.com\/product\/yoast-seo-wordpress\/ -->\n<title>Test - Ond\u0159ej \u0160im\u00e1\u010dek<\/title>\n<meta name=\"robots\" content=\"index, follow, max-snippet:-1, max-image-preview:large, max-video-preview:-1\" \/>\n<link rel=\"canonical\" href=\"https:\/\/www.ondrejsimacek.cz\/index.php\/test\/\" \/>\n<meta property=\"og:locale\" content=\"cs_CZ\" \/>\n<meta property=\"og:type\" content=\"article\" \/>\n<meta property=\"og:title\" content=\"Test - Ond\u0159ej \u0160im\u00e1\u010dek\" \/>\n<meta property=\"og:url\" content=\"https:\/\/www.ondrejsimacek.cz\/index.php\/test\/\" \/>\n<meta property=\"og:site_name\" content=\"Ond\u0159ej \u0160im\u00e1\u010dek\" \/>\n<meta property=\"article:modified_time\" content=\"2022-06-05T14:46:49+00:00\" \/>\n<meta name=\"twitter:card\" content=\"summary_large_image\" \/>\n<script type=\"application\/ld+json\" class=\"yoast-schema-graph\">{\"@context\":\"https:\\\/\\\/schema.org\",\"@graph\":[{\"@type\":\"WebPage\",\"@id\":\"https:\\\/\\\/www.ondrejsimacek.cz\\\/index.php\\\/test\\\/\",\"url\":\"https:\\\/\\\/www.ondrejsimacek.cz\\\/index.php\\\/test\\\/\",\"name\":\"Test - Ond\u0159ej \u0160im\u00e1\u010dek\",\"isPartOf\":{\"@id\":\"https:\\\/\\\/www.ondrejsimacek.cz\\\/#website\"},\"datePublished\":\"2022-06-05T14:46:48+00:00\",\"dateModified\":\"2022-06-05T14:46:49+00:00\",\"breadcrumb\":{\"@id\":\"https:\\\/\\\/www.ondrejsimacek.cz\\\/index.php\\\/test\\\/#breadcrumb\"},\"inLanguage\":\"cs\",\"potentialAction\":[{\"@type\":\"ReadAction\",\"target\":[\"https:\\\/\\\/www.ondrejsimacek.cz\\\/index.php\\\/test\\\/\"]}]},{\"@type\":\"BreadcrumbList\",\"@id\":\"https:\\\/\\\/www.ondrejsimacek.cz\\\/index.php\\\/test\\\/#breadcrumb\",\"itemListElement\":[{\"@type\":\"ListItem\",\"position\":1,\"name\":\"Dom\u016f\",\"item\":\"https:\\\/\\\/www.ondrejsimacek.cz\\\/\"},{\"@type\":\"ListItem\",\"position\":2,\"name\":\"Test\"}]},{\"@type\":\"WebSite\",\"@id\":\"https:\\\/\\\/www.ondrejsimacek.cz\\\/#website\",\"url\":\"https:\\\/\\\/www.ondrejsimacek.cz\\\/\",\"name\":\"Ond\u0159ej \u0160im\u00e1\u010dek\",\"description\":\"\",\"publisher\":{\"@id\":\"https:\\\/\\\/www.ondrejsimacek.cz\\\/#\\\/schema\\\/person\\\/d44dd7c79e05d73e45cbc3df5b8155a2\"},\"potentialAction\":[{\"@type\":\"SearchAction\",\"target\":{\"@type\":\"EntryPoint\",\"urlTemplate\":\"https:\\\/\\\/www.ondrejsimacek.cz\\\/?s={search_term_string}\"},\"query-input\":{\"@type\":\"PropertyValueSpecification\",\"valueRequired\":true,\"valueName\":\"search_term_string\"}}],\"inLanguage\":\"cs\"},{\"@type\":[\"Person\",\"Organization\"],\"@id\":\"https:\\\/\\\/www.ondrejsimacek.cz\\\/#\\\/schema\\\/person\\\/d44dd7c79e05d73e45cbc3df5b8155a2\",\"name\":\"ondrejsima\",\"image\":{\"@type\":\"ImageObject\",\"inLanguage\":\"cs\",\"@id\":\"https:\\\/\\\/secure.gravatar.com\\\/avatar\\\/187063449b5da6b9b44d4dff95c557af41f86d51cbbfc2ab12f0d8c35156eefc?s=96&d=mm&r=g\",\"url\":\"https:\\\/\\\/secure.gravatar.com\\\/avatar\\\/187063449b5da6b9b44d4dff95c557af41f86d51cbbfc2ab12f0d8c35156eefc?s=96&d=mm&r=g\",\"contentUrl\":\"https:\\\/\\\/secure.gravatar.com\\\/avatar\\\/187063449b5da6b9b44d4dff95c557af41f86d51cbbfc2ab12f0d8c35156eefc?s=96&d=mm&r=g\",\"caption\":\"ondrejsima\"},\"logo\":{\"@id\":\"https:\\\/\\\/secure.gravatar.com\\\/avatar\\\/187063449b5da6b9b44d4dff95c557af41f86d51cbbfc2ab12f0d8c35156eefc?s=96&d=mm&r=g\"},\"sameAs\":[\"http:\\\/\\\/localhost\\\/wordpress\"]}]}<\/script>\n<!-- \/ Yoast SEO plugin. -->","yoast_head_json":{"title":"Test - Ond\u0159ej \u0160im\u00e1\u010dek","robots":{"index":"index","follow":"follow","max-snippet":"max-snippet:-1","max-image-preview":"max-image-preview:large","max-video-preview":"max-video-preview:-1"},"canonical":"https:\/\/www.ondrejsimacek.cz\/index.php\/test\/","og_locale":"cs_CZ","og_type":"article","og_title":"Test - Ond\u0159ej \u0160im\u00e1\u010dek","og_url":"https:\/\/www.ondrejsimacek.cz\/index.php\/test\/","og_site_name":"Ond\u0159ej \u0160im\u00e1\u010dek","article_modified_time":"2022-06-05T14:46:49+00:00","twitter_card":"summary_large_image","schema":{"@context":"https:\/\/schema.org","@graph":[{"@type":"WebPage","@id":"https:\/\/www.ondrejsimacek.cz\/index.php\/test\/","url":"https:\/\/www.ondrejsimacek.cz\/index.php\/test\/","name":"Test - Ond\u0159ej \u0160im\u00e1\u010dek","isPartOf":{"@id":"https:\/\/www.ondrejsimacek.cz\/#website"},"datePublished":"2022-06-05T14:46:48+00:00","dateModified":"2022-06-05T14:46:49+00:00","breadcrumb":{"@id":"https:\/\/www.ondrejsimacek.cz\/index.php\/test\/#breadcrumb"},"inLanguage":"cs","potentialAction":[{"@type":"ReadAction","target":["https:\/\/www.ondrejsimacek.cz\/index.php\/test\/"]}]},{"@type":"BreadcrumbList","@id":"https:\/\/www.ondrejsimacek.cz\/index.php\/test\/#breadcrumb","itemListElement":[{"@type":"ListItem","position":1,"name":"Dom\u016f","item":"https:\/\/www.ondrejsimacek.cz\/"},{"@type":"ListItem","position":2,"name":"Test"}]},{"@type":"WebSite","@id":"https:\/\/www.ondrejsimacek.cz\/#website","url":"https:\/\/www.ondrejsimacek.cz\/","name":"Ond\u0159ej \u0160im\u00e1\u010dek","description":"","publisher":{"@id":"https:\/\/www.ondrejsimacek.cz\/#\/schema\/person\/d44dd7c79e05d73e45cbc3df5b8155a2"},"potentialAction":[{"@type":"SearchAction","target":{"@type":"EntryPoint","urlTemplate":"https:\/\/www.ondrejsimacek.cz\/?s={search_term_string}"},"query-input":{"@type":"PropertyValueSpecification","valueRequired":true,"valueName":"search_term_string"}}],"inLanguage":"cs"},{"@type":["Person","Organization"],"@id":"https:\/\/www.ondrejsimacek.cz\/#\/schema\/person\/d44dd7c79e05d73e45cbc3df5b8155a2","name":"ondrejsima","image":{"@type":"ImageObject","inLanguage":"cs","@id":"https:\/\/secure.gravatar.com\/avatar\/187063449b5da6b9b44d4dff95c557af41f86d51cbbfc2ab12f0d8c35156eefc?s=96&d=mm&r=g","url":"https:\/\/secure.gravatar.com\/avatar\/187063449b5da6b9b44d4dff95c557af41f86d51cbbfc2ab12f0d8c35156eefc?s=96&d=mm&r=g","contentUrl":"https:\/\/secure.gravatar.com\/avatar\/187063449b5da6b9b44d4dff95c557af41f86d51cbbfc2ab12f0d8c35156eefc?s=96&d=mm&r=g","caption":"ondrejsima"},"logo":{"@id":"https:\/\/secure.gravatar.com\/avatar\/187063449b5da6b9b44d4dff95c557af41f86d51cbbfc2ab12f0d8c35156eefc?s=96&d=mm&r=g"},"sameAs":["http:\/\/localhost\/wordpress"]}]}},"_links":{"self":[{"href":"https:\/\/www.ondrejsimacek.cz\/index.php\/wp-json\/wp\/v2\/pages\/4386","targetHints":{"allow":["GET"]}}],"collection":[{"href":"https:\/\/www.ondrejsimacek.cz\/index.php\/wp-json\/wp\/v2\/pages"}],"about":[{"href":"https:\/\/www.ondrejsimacek.cz\/index.php\/wp-json\/wp\/v2\/types\/page"}],"author":[{"embeddable":true,"href":"https:\/\/www.ondrejsimacek.cz\/index.php\/wp-json\/wp\/v2\/users\/1"}],"replies":[{"embeddable":true,"href":"https:\/\/www.ondrejsimacek.cz\/index.php\/wp-json\/wp\/v2\/comments?post=4386"}],"version-history":[{"count":1,"href":"https:\/\/www.ondrejsimacek.cz\/index.php\/wp-json\/wp\/v2\/pages\/4386\/revisions"}],"predecessor-version":[{"id":4387,"href":"https:\/\/www.ondrejsimacek.cz\/index.php\/wp-json\/wp\/v2\/pages\/4386\/revisions\/4387"}],"wp:attachment":[{"href":"https:\/\/www.ondrejsimacek.cz\/index.php\/wp-json\/wp\/v2\/media?parent=4386"}],"curies":[{"name":"wp","href":"https:\/\/api.w.org\/{rel}","templated":true}]}}